of x(-29).
5, 17
List the prime factors of (-57)/(-7) + (-6)/42.
2
Suppose 2*w = w + 3, -5*s + 245 = -5*w. List the prime factors of s.
2, 13
Suppose -2*f - 2*d - 4 = 0, 3 = f - 3*d - 3. Suppose 0 = -4*j + 5*b - 3, f = j - 6*j + 5*b. What are the prime factors of j?
3
Let c(f) = 2*f + f - 4*f. Let h be c(-6). Let m = 10 - h. List the prime factors of m.
2
Suppose i - 5*h = 347, -i + 106 + 241 = 3*h. List the prime factors of i.
347
Let b = 11 + -9. What are the prime factors of (-1)/b + 51/6?
2
Let c = -55 + 82. Suppose -2*h - h = -c. Let b = h - 5. List the prime factors of b.
2
Let j(q) = -q**3 + 5*q**2 + 3*q - 2. Suppose 0*s = -3*y - s + 7, 0 = -5*y - 2*s + 10. List the prime factors of j(y).
2, 13
Suppose 3*u - 9 = 0, 5*u - 4 = -3*r + 11. Suppose r = 5*l - 13 - 47. List the prime factors of l.
2, 3
Let s be ((-2)/(-4))/(3/(-6)). Let n(m) = -8*m**3 + m**2 - m - 1. List the prime factors of n(s).
3
What are the prime factors of (6/(-15))/((-1)/120)?
2, 3
Let o(r) = -r**2 + 4*r + 1. Let v(q) = q + 1. Let k(m) = -o(m) + 5*v(m). What are the prime factors of k(-3)?
2, 5
List the prime factors of 34*(-2)/8*-14.
7, 17
Suppose 2*z + 18 = -0*z. What are the prime factors of (-83)/z - 10/45?
3
Let d be (-2)/(-6) + 615/45. Suppose 0*w = -3*w - 5*q - 83, -2*q - 29 = w. What are the prime factors of (-132)/w + (-4)/d?
2, 3
Suppose 282 = 2*f + 4*f. Suppose -3*u + 99 = -3*v, 1 = -2*u - 2*v + f. List the prime factors of u.
2, 7
Let g be (56/6)/(-7)*24. Let h = 48 + g. What are the prime factors of h?
2
Let h = 5 - 3. Suppose 5*w - 67 = -h*k, -k - 3*w - 17 = -2*k. What are the prime factors of k?
2, 13
Suppose -4 = 3*v - 19. What are the prime factors of v?
5
Let g(j) be the second derivative of j**4/6 + j**3/2 - j**2/2 - 3*j. Let u be g(-3). Suppose 0 = -0*x - x + u. List the prime factors of x.
2
Suppose 4*b + 22 = -26. What are the prime factors of (-1 + b)/(1/(-1))?
13
Let b(d) be the third derivative of -d**4/12 + d**3/3 - d**2. What are the prime factors of b(-3)?
2
List the prime factors of (1 + 0)/((-15)/(-750)).
2, 5
Suppose -96 = -4*x + x. Suppose 3*l - 3*m = -6*m - 30, 2*l = -5*m - x. List the prime factors of (2/6)/((-1)/l).
2
Let s(b) = b**3 + 5*b**2 + 4*b + 5. Let x be s(-4). Suppose -n + x*c + 19 = c, 4*n - 34 = -5*c. List the prime factors of n.
11
Suppose 4*p = -4*z + 8, 29 = 2*p - 7*z + 4*z. Let q(o) = -45*o**2 + 2*o**3 + 37*o**2 - 3 - o**3 - 7 + 9*o. List the prime factors of q(p).
2
Let x = -28 + 60. Suppose -7*v + 3*v = -12. Suppose -v*r = -4*f + 17, x = 4*f - 2*r + 10. What are the prime factors of f?
2
Let z(c) = 4*c - 12. Suppose 16 = -w + 3*w. Let p be z(w). List the prime factors of p/((0 - 1)*-2).
2, 5
Suppose -3*y + 24 = 3*a, 5*a + 2*y - y = 36. List the prime factors of a.
7
Let v be 66/(-4) - (-4)/(-8). Let q = v + 34. List the prime factors of q.
17
Let t = 0 - -2. Suppose 0 = b + 3*h + 6, 3*h = 4*b - t*h - 27. Suppose b*d = -12, -d + 24 = 7*y - 3*y. What are the prime factors of y?
7
Let j(c) be the second derivative of -3*c**5/20 + c**2/2 - 2*c. Let p be j(-1). Suppose -p + 1 = -h. List the prime factors of h.
3
Suppose -u + 2*u = 6. Let l be ((-2)/u)/(2/(-24)). Suppose 17 = j - l. What are the prime factors of j?
3, 7
Let s(h) = 2*h**2 - 5*h + 3. Suppose -5*l + 20 = 2*i, 4*i = i. List the prime factors of s(l).
3, 5
Suppose 2*j + 28 = 4*l + 6, 4*j - 10 = -l. Suppose -z + 4 + l = 0. List the prime factors of z.
2, 5
Let k(m) = m**2 + 8*m + 11. What are the prime factors of k(-10)?
31
Let h = 0 + 0. Suppose 2*y + d - 8 = -h*d, 0 = -3*y - 5*d + 12. Let u(f) = f**3 - 3*f**2 - f - 4. List the prime factors of u(y).
2
Suppose 2*m = 10, 620 = 3*o + 2*o + 2*m. List the prime factors of o.
2, 61
Let z = -26 - -45. What are the prime factors of z?
19
Let x(y) = -2*y - 2. Suppose -3*q - 10 = 2*q. Let v be 3*(2/q)/1. What are the prime factors of x(v)?
2
Let y = -6 - -8. Suppose -5 - 27 = -2*j - 4*a, -y*j - 5*a = -27. What are the prime factors of j?
2, 13
Suppose -9 = -4*b + 11. Let m be (-2)/(-1) + 4 + -2. Suppose -12 = 4*t - b*t - 2*w, t = m*w - 6. What are the prime factors of t?
2, 3
What are the prime factors of (-93)/2*(4 + 48/(-8))?
3, 31
Let p(k) = -2*k. Let f = 2 - 11. What are the prime factors of p(f)?
2, 3
Let z(g) = -9 + 23 + 9 - g. List the prime factors of z(10).
13
Suppose -16 = -4*u - 4*h, -3*u - 12 = -7*u - 3*h. Let f = u - -2. Suppose 3*c - 5*l + 11 = 47, -20 = -2*c + f*l. What are the prime factors of c?
7
Let d = -16 + 25. Suppose p = 3*z - d - 100, 4*p + 156 = 4*z. List the prime factors of z.
5, 7
Suppose 5*r - 670 = -3*j, -2*j = -r + 80 + 54. List the prime factors of r.
2, 67
Let t be (10 + -2)/(-3 - -4). Let l = t - 11. List the prime factors of l - (-16 + -1)*1.
2, 7
Let z = -4 - -2. Let s be z/5 + 116/(-10). Let p = s + 20. What are the prime factors of p?
2
Suppose 2*a = 80 + 14. What are the prime factors of a?
47
Suppose 2*f - 4*p + 8 = 0, 3*f - 11 + 3 = p. What are the prime factors of (4 - 6)*(-14)/f?
7
Suppose -5*r = -5 - 0. List the prime factors of -12*r/1*-1.
2, 3
Suppose 4*k + 65 - 245 = 0. What are the prime factors of k?
3, 5
Let l = 19 - 12. Let h(z) = z**3 - 5*z**2 + 6*z - 4. Let o be h(4). Suppose -17 = -o*i + l. List the prime factors of i.
2, 3
Let n be -2 - -2 - 172/4. Let q = n - -62. What are the prime factors of q?
19
Let r = 3 - 3. Suppose -s + 7 = -r. What are the prime factors of s?
7
Let n(r) = r - 9. Let z be n(12). Suppose -2*t + 2*a = -34 - 0, a = z*t - 43. What are the prime factors of t?
13
List the prime factors of (-3)/(2*6/(-100)).
5
Let x(w) = -w**2 - 3*w + 2. Let u be x(-3). Let r(n) = 2*n**2 + n - 1. Let b be r(-2). Suppose u*j - b = 3. List the prime factors of j.
2
Let o(d) = -3*d**3 + 13*d**2 - 12*d + 7. Let h(l) = -5*l**3 + 20*l**2 - 18*l + 11. Let n(w) = -5*h(w) + 8*o(w). List the prime factors of n(-5).
2, 3
Let o be (-6)/(-15) + 8/5. Suppose 0 = o*t - 50 + 12. List the prime factors of t.
19
Let g(k) = 17*k - 44. List the prime factors of g(6).
2, 29
Let k be (-3 - -3)/(2 - 4). Suppose -2*x = -2*o + 8, 5*o + 3*x + k*x - 36 = 0. What are the prime factors of o?
2, 3
Let x = 102 + -70. Suppose -3*i + x = 11. Suppose -38 = -5*c + 5*w + i, 3 = 3*w. List the prime factors of c.
2, 5
Let y = -44 - -81. What are the prime factors of y?
37
Let f = 14 - 9. Suppose 4*y + 20 = -y, -3*y = -f*l + 37. Suppose 6*c - 2*c - l*x = -17, -4*c + 33 = 5*x. List the prime factors of c.
2
List the prime factors of -2*(880/(-35) - (-2)/14).
2, 5
Let y(q) = 0*q + 2*q + 9 - 3*q. Let i be y(4). Suppose 0*o + 65 = i*o. What are the prime factors of o?
13
Suppose 1 = 2*c - 3. What are the prime factors of 11/c - 1/(-2)?
2, 3
Let d(l) = l**3 + 12*l**2 - 13*l - 6. Let u be d(-13). Let c = 12 + u. List the prime factors of c.
2, 3
Let m = 134 + -88. What are the prime factors of m?
2, 23
Let q(f) = -f + 7. Let i = -5 + 21. Let z = 10 - i. List the prime factors of q(z).
13
Suppose 27 - 2 = 5*r. List the prime factors of r.
5
Let g = -1 - 0. Let u = g - -3. Suppose u*y + 16 = 4*y. List the prime factors of y.
2
Suppose 0 = 14*b - 219 - 1839. What are the prime factors of b?
3, 7
Let d(c) = c**2 + 2*c - 1. Suppose 0 = h + 3 - 0. What are the prime factors of d(h)?
2
Suppose -p + 455 = 3*a, 6*a - 3*a = -3*p + 459. List the prime factors of a.
151
Let u be 2 + 1/(-1) + 3. Suppose -u*x = 2*p - 82, -4*x + 86 = 2*p + x. List the prime factors of 10*(-1 + p/15).
2, 3
What are the prime factors of (-354)/4*(-2)/3?
59
Let b(f) = 9*f**2 - f**2 + 2*f**3 + 4 - f**3 - 9*f. Suppose -7*h - 27 = -4*h. What are the prime factors of b(h)?
2
Let g(r) = -6*r + 1. Let l(x) = 5*x - 2. Let w(v) = 4*g(v) + 5*l(v). Let f be w(6). Let b(j) = j**2 + j + 10. What are the prime factors of b(f)?
2, 5
Suppose -174 = 8*b - 1854. What are the prime factors of b?
2, 3, 5, 7
Let q(o) = -3*o. Let k be q(-4). Suppose p - 3*p + k = 0. Let d = -1 + p. List the prime factors of d.
5
Suppose -53*j + 59*j - 192 = 0. What are the prime factors of j?
2
Suppose 3*c - 4*y - 22 = -2*y, -y - 13 = -2*c. Suppose -c*d + 106 = 30. List the prime factors of d.
19
Let k = 1 - -7. Suppose 4*u = -4*m + 4, -2*u - u = 2*m - 6. Let q = k - m. List the prime factors of q.
11
Let v = -52 + 113. List the prime factors of v.
61
Suppose -556 = 3*c - 7*c.